 and 851?
23
What is the highest common factor of 1240721 and 2368?
37
Calculate the highest common factor of 8 and 105692668.
4
Calculate the greatest common divisor of 3356281 and 18544.
61
Calculate the highest common divisor of 1501 and 30677991.
79
Calculate the highest common factor of 93 and 2231287.
31
Calculate the greatest common factor of 35893886 and 252.
14
Calculate the greatest common factor of 26006208 and 32.
32
What is the greatest common divisor of 198 and 6275874?
66
What is the greatest common factor of 5424 and 7797?
339
What is the highest common divisor of 37333 and 164761?
37
What is the greatest common divisor of 133 and 455952?
7
Calculate the highest common divisor of 57117 and 2379.
3
What is the highest common divisor of 59987 and 76127?
269
Calculate the greatest common factor of 703 and 15770114.
19
Calculate the greatest common divisor of 21468 and 291.
3
What is the highest common factor of 9337340 and 3280?
820
Calculate the greatest common factor of 14587608 and 15066.
186
Calculate the highest common divisor of 725200 and 3185.
245
What is the greatest common divisor of 2208 and 8093712?
48
What is the greatest common divisor of 13332 and 4591356?
132
What is the greatest common factor of 277367 and 31903?
61
Calculate the greatest common factor of 344 and 759405456.
344
What is the greatest common factor of 312 and 801463?
13
Calculate the highest common divisor of 15045 and 3723.
51
Calculate the highest common divisor of 1097096 and 3919916.
4004
What is the highest common divisor of 172206 and 3438?
18
Calculate the highest common factor of 42800 and 6249549.
107
What is the highest common divisor of 632445194 and 122?
122
What is the greatest common factor of 140 and 2989196?
28
What is the greatest common factor of 27846798 and 12?
6
What is the greatest common divisor of 155160 and 7680?
120
What is the highest common divisor of 154700 and 1177046?
442
What is the highest common factor of 43 and 389?
1
Calculate the greatest common divisor of 270678 and 142431.
591
Calculate the highest common divisor of 31050540 and 4941.
81
Calculate the greatest common factor of 112 and 38359936.
16
Calculate the highest common factor of 366 and 478896.
6
What is the highest common factor of 30095492 and 448?
28
Calculate the greatest common divisor of 11622288 and 204.
204
Calculate the highest common factor of 45 and 41196135.
15
Calculate the highest common factor of 11462879 and 213.
71
What is the highest common divisor of 163257 and 285?
3
Calculate the greatest common factor of 568652 and 14812.
644
What is the highest common divisor of 10989576 and 40?
8
What is the greatest common factor of 20482732 and 6556?
596
What is the greatest common factor of 88356 and 11766?
222
Calculate the greatest common divisor of 10500 and 1298276700.
2100
Calculate the greatest common divisor of 9056 and 97635.
283
What is the greatest common factor of 2042472 and 1080?
24
What is the greatest common factor of 54 and 151556544?
18
What is the greatest common divisor of 3264 and 1246746?
102
What is the greatest common divisor of 15771952 and 228536?
2968
What is the greatest common divisor of 256 and 14820544?
64
What is the greatest common divisor of 56 and 2846976?
8
Calculate the greatest common factor of 1850 and 6370475.
925
Calculate the greatest common factor of 240127 and 2573104.
2203
Calculate the highest common factor of 640 and 61700.
20
What is the highest common factor of 1413 and 169135943?
157
What is the highest common factor of 11202 and 912162057?
5601
What is the greatest common factor of 210 and 55276158?
42
Calculate the greatest common factor of 40846 and 7202.
26
What is the greatest common factor of 15833 and 29406564?
223
Calculate the highest common divisor of 22185828 and 147.
147
What is the highest common factor of 157910929 and 34122?
5687
What is the greatest common factor of 974970 and 1551945?
2355
What is the highest common factor of 351 and 39271401?
117
What is the greatest common divisor of 1344048 and 4560?
48
What is the greatest common factor of 1547 and 226791084?
221
What is the greatest common divisor of 116713190 and 5?
5
Calculate the highest common factor of 472841 and 3859.
227
Calculate the highest common divisor of 2580 and 708600.
60
Calculate the greatest common factor of 20315 and 4292440.
1195
Calculate the highest common factor of 228 and 264082710.
114
What is the highest common divisor of 85 and 17045555?
5
What is the greatest common divisor of 3555297 and 558?
279
What is the greatest common divisor of 95595464 and 424?
424
What is the greatest common divisor of 11650015 and 3380?
845
What is the highest common divisor of 18182500 and 28053?
1039
Calculate the greatest common divisor of 16 and 741766544.
16
Calculate the highest common divisor of 4383 and 39222.
9
Calculate the highest common factor of 611004 and 25488.
708
What is the greatest common factor of 1456467 and 957?
87
Calculate the greatest common factor of 490 and 58116891.
49
What is the greatest common factor of 193234 and 705671?
1223
What is the greatest common factor of 1023237 and 35199?
9
What is the greatest common divisor of 10935 and 86025?
15
Calculate the highest common divisor of 1256562 and 342.
18
Calculate the highest common divisor of 119 and 43142991.
17
What is the highest common factor of 11 and 51497567?
11
What is the highest common factor of 1983730501 and 2966?
1483
Calculate the highest common divisor of 492589 and 44503.
191
Calculate the highest common divisor of 195 and 893575800.
195
Calculate the highest common factor of 546 and 25805388.
42
Calculate the highest common divisor of 16293528 and 1296.
216
Calculate the highest common divisor of 5578 and 82668749.
2789
What is the highest common divisor of 88348 and 82238?
26
Calculate the highest common factor of 77 and 18298599.
11
Calculate the greatest common factor of 1966940 and 220.
20
What is the highest common factor of 174 and 82968333?
87
What is the highest common divisor of 1818 and 13923052?
202
What is the greatest common factor of 1482024 and 312?
24
Calculate the highest common divisor of 102 and 1765860.
6
Calculate the highest common factor of 29130587 and 3152.
197
What is the highest common divisor of 21617367 and 3?
3
What is the highest common divisor of 31928947 and 21232?
1327
What is the greatest common divisor of 134580 and 15077446?
4486
What is the highest common divisor of 669456331 and 46?
23
What is the greatest common factor of 4981 and 118303?
17
What is the highest common factor of 5670 and 100650?
30
What is the highest common factor of 56 and 300195?
7
Calculate the greatest common divisor of 305942 and 160966.
1066
What is the greatest common divisor of 93891005 and 26?
13
What is the highest common divisor of 35 and 7028585?
5
What is the highest common divisor of 40 and 185410?
10
What is the greatest common factor of 12737598 and 618?
618
What is the highest common divisor of 231484540 and 21?
7
What is the highest common factor of 17496 and 101496?
24
What is the highest common divisor of 60 and 10541430?
30
What is the highest common divisor of 1396 and 207131151?
349
What is the greatest common divisor of 61 and 2114612153?
61
What is the highest common factor of 4914 and 111878?
26
What is the greatest common factor of 2060 and 32420?
20
What is the greatest common factor of 499778707 and 23?
23
What is the greatest common divisor of 41 and 10197643?
41
Calculate the highest common divisor of 47337 and 199.
1
Calculate the highest common divisor of 682 and 38691038.
62
What is the greatest common factor of 205 and 448708920?
205
What is the greatest common divisor of 501005141 and 65?
13
What is the highest common factor of 1440 and 366991200?
1440
What is the highest common divisor of 96 and 75251256?
24
Calculate the greatest common factor of 9788555 and 265.
5
Calculate the greatest common divisor of 29109915 and 2700.
135
Calculate the highest common divisor of 5303279 and 305.
61
What is the highest common factor of 905031 and 204?
3
What is the highest common divisor of 7598 and 183628?
58
What is the greatest common factor of 4070 and 16171738?
814
Calculate the greate